et u(d) = d**2 - 2*d + 10. What is the tens digit of u(5)?
2
Let r(v) = 5*v**2 - 4*v + 3. Let o be r(2). Suppose 2*k + 0*c = -c - o, 0 = k + c + 8. Let b = k + 11. What is the units digit of b?
4
Suppose 4*d + 5*h - 4*h - 143 = 0, 140 = 4*d + 4*h. What is the units digit of d?
6
Suppose 0 = -4*z + 2*m + 756, 750 = 4*z - m - 4*m. What is the hundreds digit of z?
1
Let g = 4 + -8. Let b = 15 + g. What is the units digit of b?
1
Suppose -3*o - 5*u + 434 = o, -4*u = -8. What is the hundreds digit of o?
1
Suppose -y = y - 20. Suppose -g + y = 2. What is the units digit of g?
8
Let x(z) = -z**2 - 5*z + 2. Let f be x(-4). Let o be f/27 - 25/(-9). Suppose 5 = -3*y + 2*y, o = 4*s + 5*y. What is the units digit of s?
7
Let f be (-4 - 0)*5/(-4). Suppose -p = -f*d - 25, 0 = -3*p + 2*d - 3*d + 11. Suppose -p*r + 28 + 2 = 0. What is the units digit of r?
6
Let r be (-54)/(-30)*5/1. Let h(n) = n**2 - n + 4*n**3 - r + 9. What is the units digit of h(1)?
4
Let z(b) = -b + 6. Let s be z(5). Let n be (-4 + 3)/(s/(-3)). Suppose 4*m - 23 = l, 5*m - n*l - 26 = l. What is the units digit of m?
6
Let c = -417 + 621. What is the units digit of c/48 + 6/8?
5
Let r(i) = -11*i - 11. Let x(o) = -5*o - 5. Let t(q) = 6*r(q) - 13*x(q). Let h be t(3). What is the units digit of (-74)/h + 9/(-6)?
7
Suppose -4*b = b - 10. Suppose 0 = d - 3*a - 8, -3*d + 5*a = b*a. Let g = 9 + d. What is the units digit of g?
5
Suppose 0 = -3*c - 13 - 14. Let u = 10 - c. What is the tens digit of u?
1
Let n = 2 - 3. What is the units digit of n*1*(-198)/11?
8
Suppose 11*r = 6*r + 20. Suppose 0 = i - 2*i + r. Suppose 2*o - 50 = -5*y, -78 = -i*o + 3*y - 30. What is the tens digit of o?
1
Suppose 3*v + 3*t + 2*t - 20 = 0, 4*v = 5*t + 85. Let s = v + -9. What is the units digit of s?
6
Suppose 5*y - 4*y = -35. Let n = y + 56. What is the units digit of n?
1
Let b be (-50)/(-30)*36/10. What is the tens digit of ((-58)/(-3))/(b/9)?
2
Suppose 4*z = -0*z + 12. Suppose -z*o - 6 = -108. What is the tens digit of o?
3
Suppose 2*x - x - 4*h - 8 = 0, -5*x - h = -61. Let q be 126/x*(-2)/(-3). Suppose -q*y = -5*y - 28. What is the tens digit of y?
1
Let u = 187 - 116. What is the tens digit of u?
7
Let l(v) = 2*v**2 + v - 1. Let f = -8 - -13. Let a be (f/10)/(2/4). What is the units digit of l(a)?
2
Let o = -1 - 3. Let h = 1 - o. Suppose 11 = h*v - 4. What is the units digit of v?
3
What is the tens digit of -1 + 114/10*(-1 - -6)?
5
Let a be (7/(-2) - -3)*-8. Suppose g - d = a, -2*d + 5 = 4*g - 5. Suppose g*j + i = 6 + 43, -56 = -4*j + i. What is the units digit of j?
5
Let n(g) = -2*g + 1. What is the units digit of n(-4)?
9
Let w be (-2*1)/(-2 - -4). Let t = w - -11. What is the units digit of t?
0
Let f be (-2)/4*2*5. Let a = f - -2. What is the units digit of a/(9/(-6)) + 0?
2
Let x(t) = -t**3 + 8*t**2 + 4*t + 5. What is the units digit of x(8)?
7
Let y = -6 - -10. What is the units digit of y?
4
Let g be -6 - (-2 + 0)*1. Suppose -x + 0*x + 2 = 0. What is the tens digit of 0 - 22*x/g?
1
Let u = 7 + -5. Suppose -u*x + 0 = -2. What is the units digit of x?
1
Suppose -o - 2*o = 2*a - 5, -a - 5*o + 6 = 0. What is the units digit of a?
1
Let a(r) = -r**3 + 3*r**2 - r - 3. Let i be a(3). Let q = i - -12. What is the units digit of q?
6
Suppose -s + 2 = -0. Suppose -s*o + 0*o = 0. Suppose o = -2*j - 0*j + 6. What is the units digit of j?
3
Let b(g) = g**2 - g. Let r be (-16)/24*(-3)/(-2). Let y(u) = -9*u**2 + 4*u - 1. Let d(p) = r*y(p) - 4*b(p). What is the units digit of d(-1)?
6
Suppose 0 = -2*j - 115 + 473. What is the tens digit of j?
7
Let f(a) = a**2 + a - 1. Let v be f(2). Suppose -3*n = 2*k - 94 - 1, 0 = -v*n - 3*k + 160. What is the units digit of n?
5
Let t(n) be the third derivative of -n**6/20 - n**5/60 + n**4/8 + n**3/6 - 6*n**2. What is the tens digit of t(-2)?
3
Let r(y) = 4*y**3 + 2*y**2 + 6*y. What is the units digit of r(3)?
4
Let k(i) = i**2 - 2*i + 7. What is the tens digit of k(-4)?
3
Suppose 4 - 2 = k. Suppose -3*r + 2*n = -15, r = -3*n + k*n. Suppose 0 = -5*d + r*d + 18. What is the units digit of d?
9
Let v be (4*(-100)/8)/1. Let j = 97 + v. What is the units digit of j?
7
Suppose s - 3*r - 23 = 0, 3*s + 3*r - 18 = 27. What is the tens digit of s?
1
Let w(x) = -17*x + 1. Let k be w(1). Suppose -2*h + 3*h = 6. What is the tens digit of k/(-24) - (-92)/h?
1
Let o(v) = -2*v - 19. What is the units digit of o(-11)?
3
Suppose 0*j = -4*j - 160. Let b = 79 + j. What is the units digit of b?
9
Let m(g) = -g**2 + 5*g - 11. Let v be m(8). Let y = v + 59. Suppose -6*d - 5*x = -2*d - y, 5*x = 2*d - 12. What is the units digit of d?
6
Let r = 60 - 32. What is the tens digit of r?
2
Suppose -42*s + 35*s + 133 = 0. What is the tens digit of s?
1
Let z(m) = -m**3 + 2*m + 56. What is the tens digit of z(0)?
5
Let s = -3 + 7. Suppose -1 - 8 = 3*r + s*m, -4*m = -r + 13. What is the units digit of r?
1
Let g = 23 - 53. Let f = -1 - g. What is the units digit of f?
9
Suppose 0 = -2*n + 8, 3*j - 2*n + 2 = 6. Suppose 5*m - y - 5 = 3*m, 0 = j*m + 3*y - 5. What is the units digit of m?
2
Suppose -c + 4*r + 74 = 11, -2*c + 5*r = -114. What is the units digit of c?
7
Let y = -320 + 496. What is the units digit of y?
6
Suppose -4 + 2 = -v. Suppose 0*p + 5*w = v*p + 8, p - 3*w = -5. What is the units digit of 8/(-2)*(0 - p)?
4
Let z(x) = x**3 - 3*x**2 - 2*x + 3. What is the units digit of z(4)?
1
What is the hundreds digit of 7/((-42)/(-822)) + (-2)/1?
1
Suppose -684 = -5*o - 2*h, o - 145 + 11 = h. What is the hundreds digit of o?
1
Suppose -218 = 4*x - 606. What is the tens digit of x?
9
What is the units digit of (-118)/(-4) + 4/8?
0
What is the tens digit of 2 - -18*((-60)/(-9) + -3)?
6
Let t = -103 + 162. What is the tens digit of t?
5
Let a(w) = 36*w**2 + w. What is the units digit of a(-1)?
5
Let r(k) = k**2 - 8*k + 5. Let v be r(8). Suppose p + 5*a = 4*p - v, -p = -a - 1. What is the units digit of (p - 1)*(-4 - -3)?
1
Let m be (-50)/(-8) + (-2)/8. Suppose -2*y + m - 2 = 2*r, 0 = -4*y + r - 2. Suppose y = 5*w - x - 6 - 2, 4*x = 3*w - 15. What is the units digit of w?
1
What is the tens digit of 8*((-2 - -1) + 5)?
3
Suppose -3*n = 2*n. Suppose 2 = -n*k + k. What is the tens digit of ((-1)/2)/(k/(-40))?
1
Let u be (-3 - 0 - -2) + 4. Suppose 0*z + u*z = 5*y - 19, -2*z + 14 = 2*y. What is the units digit of y?
5
Suppose 5*g - 8 = 2. Suppose 0 = -u - 2*u + 12. Suppose -24 = -3*r - g*j, -4*r = u*j - 9*j - 32. What is the units digit of r?
8
Let z(f) = f**3 - 3*f**2 + f + 2. Let c be z(2). Let i be (c + -4)*(-1 + 2). What is the units digit of (-34)/(-6) + i/(-12)?
6
Let p = 2 + -1. Let r(m) = -3*m + m + 8*m - p. What is the units digit of r(1)?
5
Suppose 2*r = 4*r. Suppose -2*v - v - 12 = r. What is the units digit of (1 + -2)/1*v?
4
Suppose -3*t + 15 = -0*t + 3*m, t = -5*m + 13. Suppose 0 = 6*q - t*q - 12. Suppose q*c + 4*o + 4 = 0, -3*c - 2 = 4*o + 6. What is the units digit of c?
4
Suppose -y + 54 = -4*y. What is the units digit of -1 + 1 - -3 - y?
1
Let m(s) = -s**2 + 1. Let y(o) = 7*o**2 - 2*o - 10. Let j(p) = 6*m(p) + y(p). What is the tens digit of j(5)?
1
Let l(h) = 2*h**2 - 5. Let s be l(3). Let o = s + 10. What is the units digit of o?
3
Let d = 6 - 1. Let o(a) = -5*a + 4. Let v(f) = -f + 1. Let r(k) = -o(k) + 4*v(k). What is the units digit of r(d)?
5
Let g(f) = -f. Let p be (-112)/10 - 4/(-20). What is the tens digit of g(p)?
1
What is the tens digit of (-2)/(-9) + 4204*(-6)/(-216)?
1
Let n(t) = t**2 + 2*t - 1. Let c be n(-3). Let g = c + 1. Suppose -g*v + 4 = -2. What is the units digit of v?
2
Suppose 5 = -5*v + 10. Let c = v - -10. What is the tens digit of c?
1
Let g be 1 + 0 + 6/3. Suppose 0 = -g*k + 5*l + 2 + 19, -5*k - 2*l = -66. What is the tens digit of k?
1
Suppose 5*k - 2 = 8. Suppose -3*z = 2*x + 18, 4*z + k*x + 7 = -17. What is the units digit of 78/9 + z/9?
8
Let g = -26 - -6. Let j = g - -31. What is the units digit of j?
1
Let b be (-27)/(-15) + 1/5. Let k(r) = r + 5. Let x be k(0). Suppose b*c - x*c + 36 = 0. What is the units digit of c?
2
What is the tens digit of 22/(((-45)/(-60))/((-6)/(-4)))?
4
Let m = -12 - 10. Let h = m - -37. What is the tens digit of h?
1
Let d(b) = b**3 + 29*b**2 + 24*b + 20. What is the units digit of d(-28)?
2
Suppose -4*a + 4*v + 26 = -10, 6 = 2*v. Let r